reatest common factor of 60 and 14460.
60
Calculate the highest common divisor of 11 and 22.
11
What is the greatest common divisor of 230 and 2645?
115
Calculate the greatest common factor of 1943 and 290.
29
What is the greatest common divisor of 190 and 1090?
10
What is the highest common divisor of 1379 and 7?
7
What is the greatest common divisor of 15614 and 74?
74
Calculate the greatest common factor of 70 and 100.
10
What is the highest common divisor of 1694 and 462?
154
Calculate the greatest common factor of 16868 and 4.
4
Calculate the highest common divisor of 96 and 5808.
48
Calculate the greatest common factor of 2869 and 76.
19
Calculate the greatest common factor of 480 and 96.
96
What is the highest common factor of 2448 and 153?
153
Calculate the greatest common divisor of 169 and 559.
13
Calculate the greatest common factor of 75 and 60.
15
What is the greatest common divisor of 36 and 27360?
36
Calculate the greatest common factor of 464 and 1885.
29
Calculate the greatest common divisor of 1305 and 1125.
45
Calculate the greatest common factor of 210 and 30.
30
What is the highest common factor of 60 and 100?
20
What is the highest common factor of 122 and 549?
61
What is the greatest common factor of 3040 and 8?
8
Calculate the greatest common divisor of 204 and 684.
12
What is the highest common divisor of 33 and 21978?
33
What is the highest common factor of 264 and 24?
24
Calculate the greatest common factor of 90 and 49230.
90
What is the highest common divisor of 25998 and 28?
14
Calculate the highest common divisor of 26 and 236.
2
What is the greatest common factor of 188 and 16?
4
Calculate the highest common factor of 6 and 6306.
6
Calculate the greatest common factor of 446 and 22969.
223
Calculate the greatest common factor of 119 and 136.
17
Calculate the highest common factor of 352 and 144.
16
What is the greatest common divisor of 297 and 360?
9
Calculate the highest common factor of 24 and 564.
12
What is the greatest common factor of 6114 and 6?
6
What is the highest common divisor of 16199 and 167?
167
What is the highest common factor of 12463 and 121?
121
Calculate the highest common divisor of 18 and 24.
6
Calculate the highest common divisor of 267 and 356.
89
What is the highest common divisor of 186 and 1023?
93
Calculate the greatest common divisor of 17949 and 31.
31
Calculate the highest common factor of 1975 and 237.
79
What is the greatest common divisor of 66 and 1342?
22
What is the greatest common factor of 13 and 182?
13
Calculate the highest common divisor of 45 and 35.
5
Calculate the greatest common divisor of 231 and 637.
7
Calculate the greatest common factor of 406 and 174.
58
What is the greatest common factor of 39 and 69?
3
What is the greatest common factor of 19 and 2?
1
Calculate the greatest common divisor of 36 and 10596.
12
Calculate the highest common factor of 242 and 2.
2
What is the greatest common divisor of 288 and 396?
36
Calculate the greatest common divisor of 682 and 44.
22
What is the highest common divisor of 104 and 468?
52
Calculate the highest common factor of 288 and 4752.
144
What is the greatest common divisor of 28 and 35?
7
Calculate the highest common factor of 53 and 11.
1
Calculate the greatest common divisor of 92328 and 24.
24
What is the greatest common divisor of 20 and 8?
4
What is the highest common divisor of 120 and 11520?
120
Calculate the greatest common factor of 361 and 3287.
19
Calculate the greatest common divisor of 1173 and 816.
51
Calculate the greatest common factor of 78 and 40638.
78
Calculate the highest common factor of 304 and 784.
16
Calculate the greatest common factor of 21 and 1113.
21
What is the highest common factor of 3 and 2859?
3
Calculate the highest common factor of 152 and 8.
8
Calculate the greatest common divisor of 1614 and 24.
6
Calculate the highest common factor of 105 and 84.
21
What is the highest common divisor of 209 and 1824?
19
Calculate the greatest common factor of 98 and 3402.
14
Calculate the highest common divisor of 2864 and 2.
2
Calculate the greatest common divisor of 265 and 53.
53
Calculate the highest common factor of 1380 and 1196.
92
Calculate the greatest common divisor of 354 and 12.
6
What is the greatest common factor of 2112 and 66?
66
Calculate the greatest common factor of 12 and 34.
2
Calculate the highest common divisor of 33 and 1353.
33
Calculate the greatest common divisor of 1024 and 64.
64
What is the greatest common factor of 51 and 51?
51
Calculate the highest common factor of 133 and 7.
7
Calculate the highest common factor of 320 and 1390.
10
What is the highest common factor of 35 and 70?
35
What is the highest common factor of 16 and 2672?
16
What is the greatest common divisor of 4800 and 50?
50
What is the greatest common divisor of 15 and 205?
5
What is the greatest common divisor of 146 and 16?
2
What is the greatest common divisor of 3481 and 531?
59
What is the greatest common factor of 994 and 213?
71
Calculate the highest common factor of 2394 and 504.
126
Calculate the greatest common divisor of 101 and 7979.
101
What is the greatest common divisor of 8 and 88?
8
What is the highest common factor of 1725 and 1875?
75
Calculate the highest common factor of 110 and 66.
22
Calculate the highest common factor of 50 and 120.
10
What is the highest common divisor of 13 and 4511?
13
What is the highest common factor of 1530 and 54?
18
What is the greatest common factor of 7267 and 338?
169
Calculate the greatest common factor of 14 and 875.
7
Calculate the highest common divisor of 87 and 58.
29
Calculate the greatest common divisor of 1701 and 231.
21
Calculate the highest common factor of 16 and 6.
2
Calculate the greatest common divisor of 264 and 21736.
88
What is the highest common divisor of 273 and 728?
91
Calculate the highest common divisor of 80 and 24.
8
Calculate the highest common factor of 14 and 77.
7
What is the greatest common factor of 14579 and 366?
61
Calculate the highest common factor of 104 and 78.
26
Calculate the highest common divisor of 12717 and 157.
157
What is the highest common factor of 11550 and 14?
14
Calculate the greatest common factor of 187 and 11.
11
What is the greatest common divisor of 119 and 34?
17
What is the greatest common divisor of 14 and 2?
2
What is the highest common divisor of 40 and 2?
2
What is the greatest common divisor of 2728 and 792?
88
Calculate the greatest common divisor of 15580 and 76.
76
Calculate the highest common factor of 26 and 169.
13
Calculate the greatest common divisor of 4 and 178.
2
Calculate the highest common divisor of 16 and 103.
1
What is the greatest common divisor of 6 and 96?
6
Calculate the greatest common divisor of 34 and 4114.
34
Calculate the highest common divisor of 2343 and 639.
213
What is the greatest common factor of 476 and 204?
68
What is the greatest common divisor of 135 and 25?
5
Calculate the greatest common divisor of 70 and 574.
14
What is the highest common divisor of 34 and 697?
17
Calculate the greatest common divisor of 159 and 3.
3
What is the greatest common factor of 296 and 48?
8
Calculate the greatest common factor of 19 and 3173.
19
Calculate the greatest common factor of 98 and 70.
14
What is the highest common divisor of 17 and 111214?
17
Calculate the highest common divisor of 6500 and 50.
50
Calculate the highest common divisor of 1394 and 323.
17
What is the greatest common divisor of 54 and 2295?
27
What is the highest common divisor of 1638 and 126?
126
Calculate the highest common divisor of 63 and 70.
7
What is the greatest common factor of 156 and 132?
12
What is the highest common factor of 374 and 44?
22
What is the greatest common divisor of 56 and 5236?
28
Calculate the greatest common divisor of 1430 and 156.
26
What is the greatest common factor of 132 and 4380?
12
What is the highest common factor of 195 and 2015?
65
Calculate the greatest common factor of 123 and 30.
3
What is the highest common factor of 3729 and 363?
33
What is the greatest common divisor of 28514 and 106?
106
Calculate the greatest common divisor of 153 and 289.
17
Calculate the highest common divisor of 1652 and 1298.
118
Calculate the greatest common divisor of 12